ommon divisor of 8 and u?
2
Suppose -5702 = 7*b - 43817. Suppose 0 = -24*j + 9*j + b. Calculate the greatest common divisor of j and 33.
33
Let v(a) = -160*a**3 + 79*a**3 + 82*a**3 - 15*a**2 + 2*a**2 + 4. Let o be v(13). Suppose -5*f + 16 = -4*f. Calculate the greatest common divisor of f and o.
4
Suppose -6*r = -r + 30. Let k be -6 - (-2)/4*r. Let n be 76 + (-1 - k)/2. What is the highest common factor of n and 200?
40
Let o be -3 + (-40)/(-5) + 37. Suppose 19 = -3*a - h - 9, 2*h = 2*a + 24. Let f = a + o. What is the highest common factor of f and 32?
32
Suppose -5*h = -4*j + 56, -j - 2*h = 3*j - 56. Let l(o) = 3*o**3 + o - 2. Let t be l(1). Let r be 4/t*(-14)/(-1). What is the highest common factor of r and j?
14
Let w(y) = -y**2 + 49*y - 577. Let n be w(27). Calculate the greatest common divisor of n and 43129.
17
Let q(j) = -2*j**3 - 4*j**2 + 4*j + 6. Let r be q(-4). Suppose 5*g - 554 = -r. Let a be 126/(-35)*-5 + -8. Calculate the highest common factor of g and a.
10
Let y(i) = i**3 + 25*i**2 - 37*i - 324. Let a be y(-13). What is the greatest common factor of 207 and a?
23
Let q be ((-2444)/(-312) + 2/(-4))/((-12)/(-504)). What is the greatest common divisor of q and 812?
28
Let x be 4 - (-8)/(-6) - (-19620)/54. Calculate the greatest common factor of x and 12261.
183
Suppose 7*m = 5*m + 48. Suppose 0 = 3*h - 179 - 37. What is the greatest common factor of m and h?
24
Let z = 55 - 39. Suppose 2345 = 48*l - 6103. Calculate the highest common divisor of z and l.
16
Let o be (126/(-35))/9*-85. Suppose -5106 = -o*k - 3*k. What is the highest common factor of 230 and k?
46
Let s be 27/(84/20 - -2 - 6). Let u be -5 + (-2 - -5) + -158. Let c = u + 250. What is the greatest common divisor of s and c?
45
Let s be 3/(-6)*(-14)/21*-12. Let r be s + -2 + (37 - -4). What is the highest common divisor of r and 7?
7
Let k be -2*(-54 - (4 + -2)). Suppose 0 = 3*b - 4*p - 4, -3*p + 18 = 4*b - 2*p. Calculate the highest common factor of k and b.
4
Let q(v) = -3*v - 19. Suppose 5*d - 3*f + 95 + 191 = 0, 4*d - f + 226 = 0. Let a = -64 - d. Let c be q(a). Calculate the greatest common factor of 20 and c.
5
Suppose 53*k = 45*k + 832. Let x be 10/(-2 + 0 + 4). Suppose -155 = -4*j - c, x*j - k = -c + 91. What is the highest common divisor of j and 5?
5
Suppose 5*m + 118 = 3*b, b - 158*m = -153*m + 46. Calculate the highest common factor of 4476 and b.
12
Let k = -3765 + 3772. What is the highest common factor of 224 and k?
7
Let k = 8 + -2. Suppose -k*b + 3*b + 12 = 0. Suppose 3*c - 168 = -b*c. What is the greatest common factor of 48 and c?
24
Let i = 3332 + -3292. Calculate the highest common divisor of 464 and i.
8
Let l(i) = -78*i**2 - 2*i - 2. Let p be l(-1). Let n = p + 32. Let a = n + 56. Calculate the greatest common factor of a and 2.
2
Let g = -809 + 845. Calculate the greatest common divisor of g and 332.
4
Let a(o) = 59*o**2 + 15*o - 48. Let m be a(8). Calculate the highest common divisor of m and 104.
104
Let c be ((-130)/(-25) + -2)*5. Suppose 0 = -7*v - v - c. Let m be (-105)/(-3) + v/1. What is the greatest common divisor of 22 and m?
11
Let t(w) = 32*w + 28. Let r be t(0). Let c(v) = v**3 - 7*v**2 - v + 7. Let j be c(7). Let z be (-1 + 2)*(7 - j). What is the greatest common divisor of r and z?
7
Suppose 40 - 80 = -40*w. What is the greatest common divisor of 121 and w?
1
Let h = -2530 - -2535. What is the greatest common divisor of 1 and h?
1
Let v be 18*(9 + 2 + (-9)/(-6)). What is the greatest common factor of v and 1275?
75
Suppose 0 = 18*f - 2294 + 494. Let a = -93 + f. Let u(o) = 4*o + 17. Let p be u(a). Calculate the greatest common divisor of p and 15.
15
Suppose 0 = -4*o - 12, 2*o + 2*o - 135 = -3*j. Suppose 5*y = -4*f + 755, 5*f + 279 = 2*y + 2*f. Calculate the greatest common factor of j and y.
49
Let u be (5040/(-525))/((-6)/680). Calculate the greatest common factor of 102 and u.
34
Suppose 2*d + 662 = -2*s + 1722, 0 = -5*s + 5*d + 2600. Calculate the highest common divisor of 756 and s.
21
Let v = 2767 + -2212. What is the greatest common divisor of v and 259?
37
Let u(c) = c**2 - 25*c - 41. Let v be u(12). Let w = v + 425. What is the greatest common divisor of w and 4?
4
Let w(s) = -17*s - 124. Let p be w(-14). Suppose -p = -3*z + 2*y, -z + 19*y + 31 = 16*y. What is the greatest common divisor of 20 and z?
20
Let y = -1974 - -1987. What is the highest common divisor of y and 5265?
13
Let o(l) be the first derivative of 12*l**3 + 5*l**2/2 + 4*l + 270. Let i be (-3)/(-6)*(-4)/2. Let t be o(i). What is the highest common factor of t and 5?
5
Suppose 5149*o + 190568 = 5163*o. What is the highest common factor of 664 and o?
332
Let f(i) be the second derivative of 11/2*i**3 + 1/6*i**4 + 0 - 4*i - 21*i**2. Let c be f(-18). Calculate the greatest common divisor of 60 and c.
12
Let p = -115785 - -115804. Suppose y = 2*q - 1626 + 450, -5*q = 5*y - 2955. What is the greatest common divisor of p and q?
19
Suppose -14*b - 1026 = -1110. Suppose 3*c + 4 = -c - 4*t, 2*t + 2 = 3*c. Suppose c*f + 96 = 2*f. Calculate the greatest common divisor of b and f.
6
Let i(g) be the second derivative of 4*g**3/3 + 109*g**2/2 + g + 34. Let b be i(-4). Calculate the highest common divisor of b and 33.
11
Suppose n + n - 38 = 0. Let a be -6 - (5 - (0 - -164 - (44 - 43))). What is the greatest common factor of a and n?
19
Let x = 1541 - 1537. Let c be (-76)/(-12) - (-2)/(-6). Let j(g) = -g + 14. Let i be j(c). Calculate the highest common divisor of i and x.
4
Let b(j) = -j - 33. Let n(x) = x + 17. Let z(c) = 6*b(c) + 10*n(c). Let l be z(8). Let t be 1*6*(5 - l). Calculate the highest common divisor of 4 and t.
2
Suppose 4*h + 2*a = 22024, -27*h + 16546 = -24*h - 2*a. What is the highest common divisor of 1015 and h?
145
Suppose 62 = 7*t - 118 - 58. Calculate the highest common divisor of t and 160.
2
Let d be 10318/26 + 3 + 14/91. Let h = -49 + 129. What is the greatest common factor of d and h?
80
Suppose -2*y = 5*n + 1145, -375 - 281 = 3*n - 5*y. Let m = 228 + n. Suppose -k = -8 - 1. What is the highest common factor of m and k?
1
Let v = 559 - 786. Let n = -55 - v. Calculate the highest common divisor of n and 4.
4
Let m = 53905 + -53861. Let o = 79 - -229. Calculate the greatest common divisor of o and m.
44
Let i be ((-16)/10)/(8/(-60)). Suppose -10*p = -21*p - 36*p + 3948. What is the highest common factor of p and i?
12
Suppose 15*f - 13*f = 82. Suppose -f - 47 = -8*q. Let v be (3/(-9))/(1/33)*-1. Calculate the highest common factor of v and q.
11
Let r be 2/(7*7/392). Let q(f) = f**3 + 10*f**2 + 6*f - 1. Let c be q(-11). Let s = c - -332. What is the greatest common factor of r and s?
16
Let h be (((-6)/9)/2)/(3/(-90)). Suppose -5*u = h*u - 180. Suppose -u*t = -17*t + 220. What is the greatest common divisor of 66 and t?
22
Suppose -1469 = 10*y - 309. Let h = y + 168. Calculate the greatest common factor of h and 52.
52
Suppose -3*g = 10 - 64. Let h = -243 + -56. Let k = 425 + h. Calculate the greatest common divisor of g and k.
18
Suppose -2*r + 59 - 11 = 0. Suppose -2*q + 64 = -r. What is the greatest common divisor of q and 66?
22
Suppose -7*w = -14, q - 238 = w + 56. What is the highest common factor of q and 37?
37
Let b = 982 + 794. Calculate the highest common factor of 48 and b.
48
Let s(p) = p**2 + 5*p - 8. Suppose 8*k + 4*k + 60 = 0. Let w be s(k). Let d(b) = b**2 + 3*b - 20. Let x be d(w). Calculate the highest common factor of 8 and x.
4
Suppose 3*k = 96*i - 100*i + 1775, i + k = 445. What is the greatest common divisor of 110 and i?
110
Suppose 85*m - 81*m - 792 = 0. Suppose -27 = 12*c - 555. Calculate the highest common factor of m and c.
22
Let z be ((-1)/(-3))/(-2 + 78/36). Suppose 4*j = z*j, 0 = -5*f + j + 1155. Calculate the greatest common divisor of 21 and f.
21
Let v = 3350 + 291. What is the highest common factor of v and 22?
11
Suppose 66*q - 16081 - 72551 = 64686. What is the highest common factor of q and 23?
23
Let u(m) = 986*m**2 - 58*m - 57. Let d be u(-1). Calculate the greatest common factor of d and 84.
21
Suppose 2*l - 14 = 0, -g + 722 = 4*l + 365. Let z be (282/(-4))/(7/(-14)). Calculate the highest common divisor of g and z.
47
Let b = 4 + 3. Suppose s - 15 - 4 = -n, -28 = -2*s - 4*n. Suppose -2*i = 5*o - 27, -2